{"id":169,"date":"2017-10-22T18:39:51","date_gmt":"2017-10-22T15:39:51","guid":{"rendered":"http:\/\/liceul-cehov.md\/?page_id=169"},"modified":"2022-12-19T09:12:12","modified_gmt":"2022-12-19T06:12:12","slug":"%d1%83%d1%87%d0%b0%d1%89%d0%b8%d0%bc%d1%81%d1%8f","status":"publish","type":"page","link":"http:\/\/liceul-cehov.md\/?page_id=169","title":{"rendered":"\u0420\u0430\u0441\u043f\u0438\u0441\u0430\u043d\u0438\u0435"},"content":{"rendered":"\n<figure class=\"wp-block-image\"><img loading=\"lazy\" decoding=\"async\" width=\"436\" height=\"410\" src=\"http:\/\/liceul-cehov.md\/wp-content\/uploads\/2021\/02\/kbwtq.jpg\" alt=\"\" class=\"wp-image-1198\" srcset=\"http:\/\/liceul-cehov.md\/wp-content\/uploads\/2021\/02\/kbwtq.jpg 436w, http:\/\/liceul-cehov.md\/wp-content\/uploads\/2021\/02\/kbwtq-300x282.jpg 300w\" sizes=\"auto, (max-width: 436px) 100vw, 436px\" \/><\/figure>\n\n\n\n<figure class=\"wp-block-image\"><img loading=\"lazy\" decoding=\"async\" width=\"436\" height=\"410\" src=\"http:\/\/liceul-cehov.md\/wp-content\/uploads\/2021\/02\/na4alka-1.jpg\" alt=\"\" class=\"wp-image-1200\" srcset=\"http:\/\/liceul-cehov.md\/wp-content\/uploads\/2021\/02\/na4alka-1.jpg 436w, http:\/\/liceul-cehov.md\/wp-content\/uploads\/2021\/02\/na4alka-1-300x282.jpg 300w\" sizes=\"auto, (max-width: 436px) 100vw, 436px\" \/><\/figure>\n\n\n\n<figure class=\"wp-block-image is-resized\"><img loading=\"lazy\" decoding=\"async\" src=\"http:\/\/liceul-cehov.md\/wp-content\/uploads\/2021\/02\/\u0420\u0430\u0441\u043f\u0438\u0441\u0430\u043d\u0438\u0435-\u0440\u0430\u0431\u043e\u0442\u044b-\u043a\u0440\u0443\u0436\u043a\u0430-1-724x1024.jpg\" alt=\"\" class=\"wp-image-1311\" width=\"619\" height=\"876\" srcset=\"http:\/\/liceul-cehov.md\/wp-content\/uploads\/2021\/02\/\u0420\u0430\u0441\u043f\u0438\u0441\u0430\u043d\u0438\u0435-\u0440\u0430\u0431\u043e\u0442\u044b-\u043a\u0440\u0443\u0436\u043a\u0430-1-724x1024.jpg 724w, http:\/\/liceul-cehov.md\/wp-content\/uploads\/2021\/02\/\u0420\u0430\u0441\u043f\u0438\u0441\u0430\u043d\u0438\u0435-\u0440\u0430\u0431\u043e\u0442\u044b-\u043a\u0440\u0443\u0436\u043a\u0430-1-212x300.jpg 212w, http:\/\/liceul-cehov.md\/wp-content\/uploads\/2021\/02\/\u0420\u0430\u0441\u043f\u0438\u0441\u0430\u043d\u0438\u0435-\u0440\u0430\u0431\u043e\u0442\u044b-\u043a\u0440\u0443\u0436\u043a\u0430-1-768x1086.jpg 768w, http:\/\/liceul-cehov.md\/wp-content\/uploads\/2021\/02\/\u0420\u0430\u0441\u043f\u0438\u0441\u0430\u043d\u0438\u0435-\u0440\u0430\u0431\u043e\u0442\u044b-\u043a\u0440\u0443\u0436\u043a\u0430-1.jpg 1654w\" sizes=\"auto, (max-width: 619px) 100vw, 619px\" \/><\/figure>\n\n\n<h4>\u0420\u0430\u0441\u043f\u0438\u0441\u0430\u043d\u0438\u0435 \u0433\u0440\u0443\u043f\u043f\u044b \u043f\u0440\u043e\u0434\u043b\u0435\u043d\u043d\u043e\u0433\u043e \u0434\u043d\u044f<\/h4>\n<p><a href=\"http:\/\/liceul-cehov.md\/wp-content\/uploads\/2022\/12\/\u0440\u0430\u0441\u043f\u0438\u0441\u0430\u043d\u0438\u0435-\u0433\u043f\u0434.pdf\">\u0440\u0430\u0441\u043f\u0438\u0441\u0430\u043d\u0438\u0435 \u0433\u043f\u0434<\/a><\/p>\n\n\n\n\n<p><\/p>\n\n\n<p><strong>\u0421\u043f\u0438\u0441\u043e\u043a \u0434\u0438\u0441\u0446\u0438\u043f\u043b\u0438\u043d \u043f\u043e \u0432\u044b\u0431\u043e\u0440\u0443:<\/strong><br>1. \u0412 \u0446\u0430\u0440\u0441\u0442\u0432\u0435 \u043c\u0430\u0442\u0435\u043c\u0430\u0442\u0438\u043a\u0438 (\u00cemp\u0103r\u0103\u021bia lui MATE);<br>2. \u041c\u0430\u0442\u0435\u043c\u0430\u0442\u0438\u043a\u0430 \u0432 \u043f\u043e\u0432\u0441\u0435\u0434\u043d\u0435\u0432\u043d\u043e\u0439 \u0436\u0438\u0437\u043d\u0438 (Matematica \u00een Cotidian);<br>3. \u042d\u043a\u043e\u043b\u043e\u0433\u0438\u0447\u0435\u0441\u043a\u043e\u0435 \u0432\u043e\u0441\u043f\u0438\u0442\u0430\u043d\u0438\u0435 (Educa\u021bia ecologic\u0103);<br>4. \u041f\u0440\u0430\u0432\u0430 \u0447\u0435\u043b\u043e\u0432\u0435\u043a\u0430;<br>5. \u041f\u0440\u043e\u0435\u043a\u0442\u0438\u0440\u043e\u0432\u0430\u043d\u0438\u0435 \u0438 WEB- \u0440\u0430\u0437\u0440\u0430\u0431\u043e\u0442\u043a\u0430;<br>6. \u0426\u0438\u0432\u0438\u043b\u0438\u0437\u0430\u0446\u0438\u044f \u0421\u0428\u0410,\u0412\u0435\u043b\u0438\u043a\u043e\u0431\u0440\u0438\u0442\u0430\u043d\u0438\u0438;<br>7. \u0418\u043d\u0444\u043e\u0440\u043c\u0430\u0442\u0438\u043a\u0430(V-VI cl.);<br>8. \u0413\u043e\u0432\u043e\u0440\u0438\u043c \u043a\u0440\u0430\u0441\u0438\u0432\u043e;<br>9. Citind, \u00eenv\u0103\u021b s\u0103 scriu.<\/p>","protected":false},"excerpt":{"rendered":"<p>\u0420\u0430\u0441\u043f\u0438\u0441\u0430\u043d\u0438\u0435 \u0433\u0440\u0443\u043f\u043f\u044b \u043f\u0440\u043e\u0434\u043b\u0435\u043d\u043d\u043e\u0433\u043e \u0434\u043d\u044f \u0440\u0430\u0441\u043f\u0438\u0441\u0430\u043d\u0438\u0435 \u0433\u043f\u0434 \u0421\u043f\u0438\u0441\u043e\u043a \u0434\u0438\u0441\u0446\u0438\u043f\u043b\u0438\u043d \u043f\u043e \u0432\u044b\u0431\u043e\u0440\u0443:1. \u0412 \u0446\u0430\u0440\u0441\u0442\u0432\u0435 \u043c\u0430\u0442\u0435\u043c\u0430\u0442\u0438\u043a\u0438 (\u00cemp\u0103r\u0103\u021bia lui MATE);2. \u041c\u0430\u0442\u0435\u043c\u0430\u0442\u0438\u043a\u0430 \u0432 \u043f\u043e\u0432\u0441\u0435\u0434\u043d\u0435\u0432\u043d\u043e\u0439 \u0436\u0438\u0437\u043d\u0438 (Matematica \u00een Cotidian);3. \u042d\u043a\u043e\u043b\u043e\u0433\u0438\u0447\u0435\u0441\u043a\u043e\u0435 \u0432\u043e\u0441\u043f\u0438\u0442\u0430\u043d\u0438\u0435 (Educa\u021bia ecologic\u0103);4. \u041f\u0440\u0430\u0432\u0430 \u0447\u0435\u043b\u043e\u0432\u0435\u043a\u0430;5. \u041f\u0440\u043e\u0435\u043a\u0442\u0438\u0440\u043e\u0432\u0430\u043d\u0438\u0435 \u0438 WEB- \u0440\u0430\u0437\u0440\u0430\u0431\u043e\u0442\u043a\u0430;6. \u0426\u0438\u0432\u0438\u043b\u0438\u0437\u0430\u0446\u0438\u044f \u0421\u0428\u0410,\u0412\u0435\u043b\u0438\u043a\u043e\u0431\u0440\u0438\u0442\u0430\u043d\u0438\u0438;7. \u0418\u043d\u0444\u043e\u0440\u043c\u0430\u0442\u0438\u043a\u0430(V-VI cl.);8. \u0413\u043e\u0432\u043e\u0440\u0438\u043c \u043a\u0440\u0430\u0441\u0438\u0432\u043e;9. Citind, \u00eenv\u0103\u021b s\u0103 scriu.<\/p>\n","protected":false},"author":1,"featured_media":0,"parent":0,"menu_order":0,"comment_status":"closed","ping_status":"closed","template":"","meta":{"ngg_post_thumbnail":0,"footnotes":""},"class_list":["post-169","page","type-page","status-publish","hentry"],"_links":{"self":[{"href":"http:\/\/liceul-cehov.md\/index.php?rest_route=\/wp\/v2\/pages\/169","targetHints":{"allow":["GET"]}}],"collection":[{"href":"http:\/\/liceul-cehov.md\/index.php?rest_route=\/wp\/v2\/pages"}],"about":[{"href":"http:\/\/liceul-cehov.md\/index.php?rest_route=\/wp\/v2\/types\/page"}],"author":[{"embeddable":true,"href":"http:\/\/liceul-cehov.md\/index.php?rest_route=\/wp\/v2\/users\/1"}],"replies":[{"embeddable":true,"href":"http:\/\/liceul-cehov.md\/index.php?rest_route=%2Fwp%2Fv2%2Fcomments&post=169"}],"version-history":[{"count":15,"href":"http:\/\/liceul-cehov.md\/index.php?rest_route=\/wp\/v2\/pages\/169\/revisions"}],"predecessor-version":[{"id":1802,"href":"http:\/\/liceul-cehov.md\/index.php?rest_route=\/wp\/v2\/pages\/169\/revisions\/1802"}],"wp:attachment":[{"href":"http:\/\/liceul-cehov.md\/index.php?rest_route=%2Fwp%2Fv2%2Fmedia&parent=169"}],"curies":[{"name":"wp","href":"https:\/\/api.w.org\/{rel}","templated":true}]}}